{"id":159,"date":"2020-05-25T13:58:49","date_gmt":"2020-05-25T13:58:49","guid":{"rendered":"http:\/\/www.michalakpiekarnia.pl\/?post_type=product&#038;p=159"},"modified":"2026-01-29T11:24:24","modified_gmt":"2026-01-29T10:24:24","slug":"chleb-7-ziaren","status":"publish","type":"product","link":"https:\/\/www.michalakpiekarnia.pl\/?product=chleb-7-ziaren","title":{"rendered":"Chleb 7 ziaren krojony"},"content":{"rendered":"<p>Masa netto: 380 g<br \/>\nSk\u0142adniki: m\u0105ka pszenna razowa, m\u0105ka \u017cytnia razowa, woda, dro\u017cd\u017ce, p\u0142atki \u017cytnie razowe, p\u0142atki pszenne, siemi\u0119 lniane, p\u0142atki j\u0119czmienne, p\u0142atki owsiane, otr\u0119by pszenne, sezam pra\u017cony, s\u00f3l, s\u0142onecznik<br \/>\nProdukt mo\u017ce zawiera\u0107: jaja, soj\u0119, orzechy, mleko<br \/>\nVAT 5%<\/p>\n","protected":false},"excerpt":{"rendered":"<p>Masa netto: 380 g Sk\u0142adniki: m\u0105ka pszenna razowa, m\u0105ka \u017cytnia razowa, woda, dro\u017cd\u017ce, p\u0142atki \u017cytnie razowe, p\u0142atki pszenne, siemi\u0119 lniane, p\u0142atki j\u0119czmienne, p\u0142atki owsiane, otr\u0119by pszenne, sezam pra\u017cony, s\u00f3l, s\u0142onecznik Produkt mo\u017ce zawiera\u0107: jaja, soj\u0119, orzechy, mleko VAT 5%<\/p>\n","protected":false},"featured_media":1004,"template":"","meta":[],"product_brand":[],"product_cat":[19],"product_tag":[20,21],"class_list":{"0":"post-159","1":"product","2":"type-product","3":"status-publish","4":"has-post-thumbnail","6":"product_cat-chleby","7":"product_tag-chleb","8":"product_tag-razowy","10":"first","11":"instock","12":"taxable","13":"shipping-taxable","14":"purchasable","15":"product-type-simple"},"_links":{"self":[{"href":"https:\/\/www.michalakpiekarnia.pl\/index.php?rest_route=\/wp\/v2\/product\/159","targetHints":{"allow":["GET"]}}],"collection":[{"href":"https:\/\/www.michalakpiekarnia.pl\/index.php?rest_route=\/wp\/v2\/product"}],"about":[{"href":"https:\/\/www.michalakpiekarnia.pl\/index.php?rest_route=\/wp\/v2\/types\/product"}],"version-history":[{"count":4,"href":"https:\/\/www.michalakpiekarnia.pl\/index.php?rest_route=\/wp\/v2\/product\/159\/revisions"}],"predecessor-version":[{"id":21088,"href":"https:\/\/www.michalakpiekarnia.pl\/index.php?rest_route=\/wp\/v2\/product\/159\/revisions\/21088"}],"wp:featuredmedia":[{"embeddable":true,"href":"https:\/\/www.michalakpiekarnia.pl\/index.php?rest_route=\/wp\/v2\/media\/1004"}],"wp:attachment":[{"href":"https:\/\/www.michalakpiekarnia.pl\/index.php?rest_route=%2Fwp%2Fv2%2Fmedia&parent=159"}],"wp:term":[{"taxonomy":"product_brand","embeddable":true,"href":"https:\/\/www.michalakpiekarnia.pl\/index.php?rest_route=%2Fwp%2Fv2%2Fproduct_brand&post=159"},{"taxonomy":"product_cat","embeddable":true,"href":"https:\/\/www.michalakpiekarnia.pl\/index.php?rest_route=%2Fwp%2Fv2%2Fproduct_cat&post=159"},{"taxonomy":"product_tag","embeddable":true,"href":"https:\/\/www.michalakpiekarnia.pl\/index.php?rest_route=%2Fwp%2Fv2%2Fproduct_tag&post=159"}],"curies":[{"name":"wp","href":"https:\/\/api.w.org\/{rel}","templated":true}]}}

<p>Masa netto: 380 g<br />
Składniki: mąka pszenna razowa, mąka żytnia razowa, woda, drożdże, płatki żytnie razowe, płatki pszenne, siemię lniane, płatki jęczmienne, płatki owsiane, otręby pszenne, sezam prażony, sól, słonecznik<br />
Produkt może zawierać: jaja, soję, orzechy, mleko<br />
VAT 5%</p>

<p>Masa netto: 380 g Składniki: mąka pszenna razowa, mąka żytnia razowa, woda, drożdże, płatki żytnie razowe, płatki pszenne, siemię lniane, płatki jęczmienne, płatki owsiane, otręby pszenne, sezam prażony, sól, słonecznik Produkt może zawierać: jaja, soję, orzechy, mleko VAT 5%</p>
